z?
2
Let n(m) = 51*m**3 - 2*m - 2. Let d be n(-1). What is the units digit of d/(-34)*((-5344)/(-6))/4?
4
Let t(u) = 5*u + 3*u**3 + 0 + 5 + 0*u**2 - 6*u + 4*u**2. Let f be t(3). Suppose -4*h = -2*r + h + f, -r = 5*h - 82. What is the units digit of r?
7
What is the hundreds digit of 24023/(-9 + -4 + 14)?
0
Let y(b) = -b**3 - 30*b**2 + 11*b + 28. Let l(a) = -a**3 - a**2 - a - 1. Let j(p) = -3*l(p) + y(p). What is the tens digit of j(13)?
4
Let d be (5094/24)/((-6)/(-8)). Let x = d - 253. What is the tens digit of x?
3
Suppose 12*s + 1430 = -10*s. What is the units digit of 453/13 - 10/s?
5
Suppose 5*d - 11*c = -10*c + 19410, -2*c = 5*d - 19425. What is the thousands digit of d?
3
Let j = 118 + -134. What is the tens digit of (-4449)/(-9) + (j/(-6))/4?
9
Let m = -13257 + 9053. Let c = -2743 - m. What is the tens digit of c?
6
Suppose -3*l - 3*s + 19425 + 19653 = 0, -8*l - s + 104159 = 0. What is the ten thousands digit of l?
1
Let o be 300/44 + (-12)/(-66). Suppose 1313 + 969 = o*r. What is the hundreds digit of r?
3
Suppose 40*s - 42*s + 3*i = -57000, -142449 = -5*s - i. What is the tens digit of s?
9
Let v = -58 - -48. What is the units digit of (-34 + 1)/((v + 18)/(-144))?
4
Suppose -25125 = 78*u - 528070 - 267539. What is the units digit of u?
8
Let o be ((-1)/2)/((-6)/24). Let u(p) = 12*p + 7 + p**o + 9 - 4*p**2 + 6*p**2. What is the tens digit of u(-7)?
7
Let g = 465 + -461. Suppose 0 = -g*z - 3*n + 2528, z + 5*n - 639 = 6*n. What is the units digit of z?
5
Suppose 4*c + 0 = 8, -3*v - 522 = 3*c. Let z = 250 + v. What is the tens digit of 1 + 2 - (11 - z)?
6
Suppose -24*k + 2943 + 18057 = 0. Suppose 4*u - k = -159. What is the tens digit of u?
7
Let s = -47 - -47. Suppose n + 2*o - 112 = -0*n, s = 3*o - 12. What is the hundreds digit of n?
1
Let l = -29 + 32. Suppose 0 = 3*g + 3, 2 - 5 = -3*p - l*g. Suppose 2*c = -5*w + 240, 4*c + 0*c = -p*w + 448. What is the units digit of c?
0
Suppose -5*a + 2*z + 28505 = 0, -5*z + 0*z + 28540 = 5*a. What is the hundreds digit of a?
7
Let y(g) = -32 - 8*g - 5*g - 20 - 10. Suppose -166*w = -31*w + 2835. What is the units digit of y(w)?
1
Let j = 1654 + -530. Suppose 0 = 5*b - 5*p - 2390, -2*b + 4*p + j = 168. What is the units digit of b?
8
Let z be (-42)/9 + 4 + 2666/3. Let v = z + -450. What is the hundreds digit of v?
4
Let m(q) = 2*q + 49. Let v be m(-27). Let n be (-4)/22 + (-5616)/(-33) + v. Suppose -15*p = n - 1035. What is the units digit of p?
8
Let z(f) = -2*f**3 + 4*f**2 + f + 4. Let q be z(6). What is the units digit of (2 - 5)/(-12)*-2*q?
9
Let s = 26221 - -9190. What is the tens digit of s?
1
Suppose 0 = 5*k - 25, 25 = -3*v + 45*k - 40*k. Suppose -3*n + 4233 = -3*l, 11*n - 12*n - 5*l + 1423 = v. What is the thousands digit of n?
1
Let r be (-4459)/(-26) - 3/(-2). Suppose 5*j + 0*h = 2*h + r, 4*j - 2*h - 140 = 0. What is the units digit of j?
3
Suppose -29*k + 200629 - 42269 = -734. What is the thousands digit of k?
5
Let p be ((-4)/22 + 351/(-66))*2. Let g(j) = 5*j - 17. Let c(x) = 4*x - 17. Let d(l) = -3*c(l) + 2*g(l). What is the units digit of d(p)?
9
Let l(f) = -39*f - 71. Let t(h) = h**3 + 16*h**2 + 14*h - 37. Let r be t(-15). What is the hundreds digit of l(r)?
7
Suppose -c = 5*x + 2*c + 26, -c = -3*x - 10. Let v be (-11 + 9)/(x/618). Suppose -5*f = 3*k - 627, 3*f = k + 70 + v. What is the tens digit of f?
2
Suppose 297045 = 468*i - 445*i. What is the units digit of i?
5
Let v = -2095 - -1851. Let y be ((-10)/(-3))/((-12)/90). Let q = y - v. What is the tens digit of q?
1
Let a = -5255 - -29523. What is the thousands digit of a?
4
Let c(v) = v. Let r(f) = 1 - 2 - 1. Let g(s) = -2*c(s) - 2*r(s). What is the tens digit of g(-24)?
5
What is the units digit of (-76)/(-152) + 2/((-12)/(-71175))?
3
Suppose -5*q + 695 = -5*k, 4*q + 364 = -5*k + 965. Let s be q/36 - (3 + 1/(-1)). Suppose 0 = -o - s, 4*x - 2*x + 3*o - 422 = 0. What is the hundreds digit of x?
2
Let m = 119781 + -70625. What is the units digit of m?
6
Suppose -2*o - 10 = -7*o. Let x be 4/((3 - o)*(-1 - 1)). What is the units digit of (30/x)/(-5) + 64?
7
Suppose -4*b + 8*b = 20. Suppose -c + b*r + 406 = -1, -5*c - 4*r = -1890. What is the tens digit of c?
8
Suppose -35*x = -95*x + 255660. What is the hundreds digit of x?
2
What is the thousands digit of (7732/12)/((30/9)/10)?
1
Suppose -37*b - 52 = -5*i - 35*b, -4*i + 32 = -4*b. Suppose i*t = -13*t + 45250. What is the thousands digit of t?
1
Let c be (-7)/(280/(-152)) - (-1)/5. Let j be (-1074)/(-1) + (7 - c - 7). What is the units digit of (-4)/(-32) - j/(-16)?
7
Suppose 4*z - 3*y = 87, 5*y - 9*y - 20 = 0. Suppose z*f - 30*f + 3204 = 0. What is the hundreds digit of f?
2
Let p = -51 - -53. Suppose -4*n = -14 - p. Suppose 3*i - 425 = n*t, 4*i + 3*t = 270 + 330. What is the tens digit of i?
4
Suppose -18*i = 25 + 11. Let w(o) = 47*o**2 - 7*o - 13. What is the tens digit of w(i)?
8
Let u(b) = 15*b**2 + 28 - 75 + 32 + 33 - 5*b. Let c = -1 + 5. What is the tens digit of u(c)?
3
Let i = -177 - -176. What is the units digit of ((-6)/(-3) + i)*(12 + 120)?
2
Let u = 2946 + 4818. What is the units digit of u?
4
Suppose 5*v + 240 = 240. Suppose v = -4*s + 1390 + 2326. What is the tens digit of s?
2
Let n(g) = 3*g**2 + 3*g - 11. Let q be 19/3*(-5 - -8). Suppose -5*t + 1 = -q. What is the units digit of n(t)?
9
Let j(r) = r**3 - 4*r**2 - 3*r - 11. Suppose -6*x = -20*x + 154. What is the tens digit of j(x)?
0
Let z(i) = 62*i**2 + 245*i - 7. Let q be z(-4). Let r = -1 - -3. Suppose 0 = q*v - r*f - 565, 2*v + f - 240 = -f. What is the tens digit of v?
1
Suppose 9 = -2*b - 151. Let j = 84 + b. What is the units digit of ((-34)/(-6))/(j - 415/105)?
9
Suppose 26*m = 36*m - 40625 - 206085. What is the hundreds digit of m?
6
Let h(m) = 16 - 7*m + 11*m - 32*m. Suppose 0 = 3*o + 20*o + 69. What is the units digit of h(o)?
0
Suppose 401921 = 24*v - 100706 + 6619. What is the tens digit of v?
6
Let h(r) = 499*r - 173. Let i be h(-14). What is the hundreds digit of 100/(-225) - i/9?
7
What is the hundreds digit of 1001721/((-336)/(-16))*1?
7
Let h = -9731 + 17233. Suppose -t = -5*d + d + h, 5*d - 4*t - 9372 = 0. What is the units digit of d?
6
Let l = -67 + 174. Suppose 0 = 2*a - l - 105. What is the units digit of a?
6
Suppose z = -5*k + 88341, 3*k - 1328*z + 1326*z = 52989. What is the hundreds digit of k?
6
Suppose -1677*k + 1701*k = 714720. What is the ten thousands digit of k?
2
Let i(l) = -l**3 - l**2 + l + 13. Let d be i(0). Suppose -14*n = -d*n - 919. What is the units digit of n?
9
Suppose -q - 4*r = -4926, -4*q + 3*r + 19659 = 4*r. What is the thousands digit of q?
4
Let b(g) = g**2 - 14*g + 437. What is the tens digit of b(20)?
5
Suppose 503 = 4*g + 131. Let x = g - 33. Suppose -7*w + 11*w = x. What is the units digit of w?
5
Let u(v) be the third derivative of v**5/60 + v**4/3 + 9*v**3/2 - 4*v**2 + 2*v. What is the units digit of u(-11)?
0
Let u be 3 + (0 - 398/2). Let p be -4 - (-3246)/10 - 4/(-10). Let x = p + u. What is the hundreds digit of x?
1
What is the ten thousands digit of -2*5/2 + 16/((-112)/(-324639))?
4
Let t be ((-2)/(-4))/((-1)/(-4126 - -8)). Suppose -10*o + t = -1091. What is the tens digit of o?
1
Suppose 44*y - 769544 = -54*y + 36*y. What is the hundreds digit of y?
4
Let d(l) = -71*l**3 + 5*l**2 - 4*l - 28. What is the hundreds digit of d(-5)?
9
Suppose -15883 - 166577 = 234*l - 254*l. What is the units digit of l?
3
Let k(h) = 10*h**3 + 3*h**2 - 10*h + 4. What is the hundreds digit of k(5)?
2
Let g = 21628 - 16787. What is the tens digit of g?
4
What is the tens digit of (4/(-46) - 32480/10005)/((-1)/1821)?
7
What is the units digit of (203436/45)/((-1)/(-15))?
2
Let f = -19877 - -32283. What is the hundreds digit of f?
4
Suppose 6*f - 3*f - 2241 = 0. Suppose -95 + f = 4*n. Suppose -n*o + 160*o = -534. What is the tens digit of o?
7
Suppose -4 = 4*i + 5*p + 9, 0 = -3*i - 2*p - 1. Suppose 2*l + b = -i*l + 5108, l - 1020 = -b. What is the units digit of l?
2
Suppose 3*x - 5*l = 28094, 28*l + 28104 = 3*x + 25*l. What is the hundreds digit of x?
3
Suppose 2*u = -n + 10718, 6*n - 4*n + 26786 = 5*u. What is the tens digit of u?
5
Suppose -37 = -3*l + 86. Suppose 50*g - l*g - 2142 = 0. What is the hundreds digit of g?
2
Suppose -9*d + 12*d + 67 = 4*h, d = -4*h + 47. Suppos